{"id":1546,"date":"2023-04-23T20:08:23","date_gmt":"2023-04-23T18:08:23","guid":{"rendered":"https:\/\/modernstudio.net\/?page_id=1546"},"modified":"2025-04-21T16:39:41","modified_gmt":"2025-04-21T14:39:41","slug":"izrada-web-sajtova","status":"publish","type":"page","link":"https:\/\/modernstudio.net\/index.php\/izrada-web-sajtova\/","title":{"rendered":"IZRADA WEB SAJTOVA"},"content":{"rendered":"\t\t<div data-elementor-type=\"wp-page\" data-elementor-id=\"1546\" class=\"elementor elementor-1546\" data-elementor-post-type=\"page\">\n\t\t\t\t<div class=\"elementor-element elementor-element-dd756df e-flex e-con-boxed e-con e-parent\" data-id=\"dd756df\" data-element_type=\"container\" data-e-type=\"container\">\n\t\t\t\t\t<div class=\"e-con-inner\">\n\t\t<div class=\"elementor-element elementor-element-d2e667c e-flex e-con-boxed e-con e-child\" data-id=\"d2e667c\" data-element_type=\"container\" data-e-type=\"container\" data-settings=\"{&quot;background_background&quot;:&quot;classic&quot;}\">\n\t\t\t\t\t<div class=\"e-con-inner\">\n\t\t<div class=\"elementor-element elementor-element-9a0c2d2 e-con-full e-flex e-con e-child\" data-id=\"9a0c2d2\" data-element_type=\"container\" data-e-type=\"container\">\n\t\t\t\t<div class=\"elementor-element elementor-element-47259e1 elementor-widget elementor-widget-heading\" data-id=\"47259e1\" data-element_type=\"widget\" data-e-type=\"widget\" data-widget_type=\"heading.default\">\n\t\t\t\t<div class=\"elementor-widget-container\">\n\t\t\t\t\t<h2 class=\"elementor-heading-title elementor-size-default\">Izrada Web Sajta<\/h2>\t\t\t\t<\/div>\n\t\t\t\t<\/div>\n\t\t\t\t<div class=\"elementor-element elementor-element-d4a33ff elementor-hidden-desktop elementor-hidden-tablet elementor-widget elementor-widget-image\" data-id=\"d4a33ff\" data-element_type=\"widget\" data-e-type=\"widget\" data-widget_type=\"image.default\">\n\t\t\t\t<div class=\"elementor-widget-container\">\n\t\t\t\t\t\t\t\t\t\t\t\t\t\t\t<img fetchpriority=\"high\" decoding=\"async\" width=\"1080\" height=\"1080\" src=\"https:\/\/modernstudio.net\/wp-content\/uploads\/2024\/05\/izradas.webp\" class=\"attachment-full size-full wp-image-2740\" alt=\"\" srcset=\"https:\/\/modernstudio.net\/wp-content\/uploads\/2024\/05\/izradas.webp 1080w, https:\/\/modernstudio.net\/wp-content\/uploads\/2024\/05\/izradas-300x300.webp 300w, https:\/\/modernstudio.net\/wp-content\/uploads\/2024\/05\/izradas-1024x1024.webp 1024w, https:\/\/modernstudio.net\/wp-content\/uploads\/2024\/05\/izradas-150x150.webp 150w, https:\/\/modernstudio.net\/wp-content\/uploads\/2024\/05\/izradas-768x768.webp 768w\" sizes=\"(max-width: 1080px) 100vw, 1080px\" \/>\t\t\t\t\t\t\t\t\t\t\t\t\t\t\t<\/div>\n\t\t\t\t<\/div>\n\t\t\t\t<div class=\"elementor-element elementor-element-f3d1125 elementor-widget elementor-widget-text-editor\" data-id=\"f3d1125\" data-element_type=\"widget\" data-e-type=\"widget\" data-widget_type=\"text-editor.default\">\n\t\t\t\t<div class=\"elementor-widget-container\">\n\t\t\t\t\t\t\t\t\t<p>Stvaramo prelepe web sajtove, dizajnirane specijalno<br \/>za mobilnu upotrebu. Web stranice koje pomeraju<br \/>granice.<\/p><p>Izrada web stranica (web i grafi\u010dki dizajn) u dana\u0161nje vreme predstavlja aktivnost koja je neophodna za uspe\u0161an razvoj bilo kog biznisa.<\/p><p>Pa, za\u0161to \u010dekati da pro\u0111u godine kako biste postali uspe\u0161ni? Da li ste znali da ukoliko imate profesionalan web sajt to mo\u017ee da vam pomogne da pove\u0107ate prodaju i dobijete hiljade novih klijenata? Dakle, sada se zapitajte:da li mogu sebi dozvoliti da nemam profesionalnu web stranicu?<\/p>\t\t\t\t\t\t\t\t<\/div>\n\t\t\t\t<\/div>\n\t\t\t\t<\/div>\n\t\t<div class=\"elementor-element elementor-element-9b63233 e-con-full e-flex e-con e-child\" data-id=\"9b63233\" data-element_type=\"container\" data-e-type=\"container\">\n\t\t\t\t<div class=\"elementor-element elementor-element-688b1d2 elementor-hidden-mobile elementor-widget elementor-widget-image\" data-id=\"688b1d2\" data-element_type=\"widget\" data-e-type=\"widget\" data-widget_type=\"image.default\">\n\t\t\t\t<div class=\"elementor-widget-container\">\n\t\t\t\t\t\t\t\t\t\t\t\t\t\t\t<img fetchpriority=\"high\" decoding=\"async\" width=\"1080\" height=\"1080\" src=\"https:\/\/modernstudio.net\/wp-content\/uploads\/2024\/05\/izradas.webp\" class=\"attachment-full size-full wp-image-2740\" alt=\"\" srcset=\"https:\/\/modernstudio.net\/wp-content\/uploads\/2024\/05\/izradas.webp 1080w, https:\/\/modernstudio.net\/wp-content\/uploads\/2024\/05\/izradas-300x300.webp 300w, https:\/\/modernstudio.net\/wp-content\/uploads\/2024\/05\/izradas-1024x1024.webp 1024w, https:\/\/modernstudio.net\/wp-content\/uploads\/2024\/05\/izradas-150x150.webp 150w, https:\/\/modernstudio.net\/wp-content\/uploads\/2024\/05\/izradas-768x768.webp 768w\" sizes=\"(max-width: 1080px) 100vw, 1080px\" \/>\t\t\t\t\t\t\t\t\t\t\t\t\t\t\t<\/div>\n\t\t\t\t<\/div>\n\t\t\t\t<\/div>\n\t\t\t\t\t<\/div>\n\t\t\t\t<\/div>\n\t\t\t\t\t<\/div>\n\t\t\t\t<\/div>\n\t\t<div class=\"elementor-element elementor-element-851051f e-flex e-con-boxed e-con e-parent\" data-id=\"851051f\" data-element_type=\"container\" data-e-type=\"container\">\n\t\t\t\t\t<div class=\"e-con-inner\">\n\t\t\t\t<div class=\"elementor-element elementor-element-9208901 elementor-widget elementor-widget-heading\" data-id=\"9208901\" data-element_type=\"widget\" data-e-type=\"widget\" data-widget_type=\"heading.default\">\n\t\t\t\t<div class=\"elementor-widget-container\">\n\t\t\t\t\t<h2 class=\"elementor-heading-title elementor-size-default\">Klju\u010dne Karakteristike Uspe\u0161nog Web Sajta<\/h2>\t\t\t\t<\/div>\n\t\t\t\t<\/div>\n\t\t\t\t<div class=\"elementor-element elementor-element-89ae28c elementor-widget elementor-widget-text-editor\" data-id=\"89ae28c\" data-element_type=\"widget\" data-e-type=\"widget\" data-widget_type=\"text-editor.default\">\n\t\t\t\t<div class=\"elementor-widget-container\">\n\t\t\t\t\t\t\t\t\t<p>Glavni cilj je razvoj uspe\u0161nih poslovnih re\u0161enja i prema tome smatramo da bi dobro prilago\u0111en web sajt trebalo da ispuni slede\u0107e zahteve:<\/p><ul><li>Pove\u0107anje poslovnih zahteva i prihoda<\/li><li>Omogu\u0107i va\u0161im klijentima lako dostupne informacije o proizvodima i uslugama<\/li><li>Unapredi va\u0161u sliku u poslovnom svetu<\/li><li>Pru\u017ei odli\u010dno korisni\u010dko iskustvo i bude dobro optimizovan<\/li><li>Da bude efikasan.<\/li><\/ul>\t\t\t\t\t\t\t\t<\/div>\n\t\t\t\t<\/div>\n\t\t\t\t\t<\/div>\n\t\t\t\t<\/div>\n\t\t<div class=\"elementor-element elementor-element-57d6dd2 e-flex e-con-boxed e-con e-parent\" data-id=\"57d6dd2\" data-element_type=\"container\" data-e-type=\"container\">\n\t\t\t\t\t<div class=\"e-con-inner\">\n\t\t\t\t<div class=\"elementor-element elementor-element-e2bf0f5 elementor-widget elementor-widget-heading\" data-id=\"e2bf0f5\" data-element_type=\"widget\" data-e-type=\"widget\" data-widget_type=\"heading.default\">\n\t\t\t\t<div class=\"elementor-widget-container\">\n\t\t\t\t\t<h2 class=\"elementor-heading-title elementor-size-default\">Vrhunski Web Razvoj Fokusiran na Va\u0161e Poslovne Potrebe<\/h2>\t\t\t\t<\/div>\n\t\t\t\t<\/div>\n\t\t\t\t<div class=\"elementor-element elementor-element-66454ee elementor-widget elementor-widget-text-editor\" data-id=\"66454ee\" data-element_type=\"widget\" data-e-type=\"widget\" data-widget_type=\"text-editor.default\">\n\t\t\t\t<div class=\"elementor-widget-container\">\n\t\t\t\t\t\t\t\t\t<p>Web razvoj koji se fokusira na Va\u0161e poslovne potrebe.<\/p><p>Va\u0161 sajt je bitna komponenta Va\u0161eg poslovanja i marketin\u0161ke strategije. To je online segment Va\u0161eg brenda i pru\u017ea virtuelnu prezentaciju Va\u0161eg poslovanja za sve posetioce.<\/p><p>Mi izra\u0111ujemo vrhunske sajtove prilago\u0111ene mobilnim ure\u0111ajima, omoguc\u0301avajuc\u0301i na\u0161im klijentima da budu prisutni na svim ure\u0111ajima, uz zadr\u017eavanje potpune funkcionalnosti i estetike.<\/p>\t\t\t\t\t\t\t\t<\/div>\n\t\t\t\t<\/div>\n\t\t\t\t\t<\/div>\n\t\t\t\t<\/div>\n\t\t<div class=\"elementor-element elementor-element-a960bb6 e-flex e-con-boxed e-con e-parent\" data-id=\"a960bb6\" data-element_type=\"container\" data-e-type=\"container\">\n\t\t\t\t\t<div class=\"e-con-inner\">\n\t\t<div class=\"elementor-element elementor-element-4048a96 e-flex e-con-boxed e-con e-child\" data-id=\"4048a96\" data-element_type=\"container\" data-e-type=\"container\" data-settings=\"{&quot;background_background&quot;:&quot;classic&quot;}\">\n\t\t\t\t\t<div class=\"e-con-inner\">\n\t\t<div class=\"elementor-element elementor-element-3b4a51a e-con-full e-flex e-con e-child\" data-id=\"3b4a51a\" data-element_type=\"container\" data-e-type=\"container\">\n\t\t\t\t<div class=\"elementor-element elementor-element-2c0fe4a elementor-widget elementor-widget-text-editor\" data-id=\"2c0fe4a\" data-element_type=\"widget\" data-e-type=\"widget\" data-widget_type=\"text-editor.default\">\n\t\t\t\t<div class=\"elementor-widget-container\">\n\t\t\t\t\t\t\t\t\t<p>Za brendove koji tra\u017ee partnera sa iskustvom, a ne samo jo\u0161 jednu agenciju.<\/p>\t\t\t\t\t\t\t\t<\/div>\n\t\t\t\t<\/div>\n\t\t\t\t<div class=\"elementor-element elementor-element-0f023c3 elementor-widget elementor-widget-heading\" data-id=\"0f023c3\" data-element_type=\"widget\" data-e-type=\"widget\" data-widget_type=\"heading.default\">\n\t\t\t\t<div class=\"elementor-widget-container\">\n\t\t\t\t\t<h2 class=\"elementor-heading-title elementor-size-default\">Prvi Korak Ka Digitalnoj Dominaciji Po\u010dinje Ovde<\/h2>\t\t\t\t<\/div>\n\t\t\t\t<\/div>\n\t\t\t\t<div class=\"elementor-element elementor-element-a5022b0 elementor-widget elementor-widget-text-editor\" data-id=\"a5022b0\" data-element_type=\"widget\" data-e-type=\"widget\" data-widget_type=\"text-editor.default\">\n\t\t\t\t<div class=\"elementor-widget-container\">\n\t\t\t\t\t\t\t\t\t<p>Bi\u0107e nam zadovoljstvo da dugoro\u010dno sara\u0111ujemo i kreiramo<br \/>partnerske odnose.<\/p>\t\t\t\t\t\t\t\t<\/div>\n\t\t\t\t<\/div>\n\t\t\t\t<\/div>\n\t\t<div class=\"elementor-element elementor-element-ec00a28 e-con-full e-flex e-con e-child\" data-id=\"ec00a28\" data-element_type=\"container\" data-e-type=\"container\">\n\t\t\t\t<div class=\"elementor-element elementor-element-f2dff57 elementor-widget elementor-widget-text-editor\" data-id=\"f2dff57\" data-element_type=\"widget\" data-e-type=\"widget\" data-widget_type=\"text-editor.default\">\n\t\t\t\t<div class=\"elementor-widget-container\">\n\t\t\t\t\t\t\t\t\t<p>Izaberite uslugu koju \u017eelite ispod, popunite formu i kontaktira\u0107emo Vas u najkra\u0107em roku kako bismo definisali odgovaraju\u0107u ponudu za Vas.<\/p>\t\t\t\t\t\t\t\t<\/div>\n\t\t\t\t<\/div>\n\t\t\t\t<div class=\"elementor-element elementor-element-63eef4f elementor-align-justify elementor-mobile-align-justify elementor-widget elementor-widget-button\" data-id=\"63eef4f\" data-element_type=\"widget\" data-e-type=\"widget\" data-widget_type=\"button.default\">\n\t\t\t\t<div class=\"elementor-widget-container\">\n\t\t\t\t\t\t\t\t\t<div class=\"elementor-button-wrapper\">\n\t\t\t\t\t<a class=\"elementor-button elementor-button-link elementor-size-sm\" href=\"https:\/\/modernstudio.net\/index.php\/usluga\/\">\n\t\t\t\t\t\t<span class=\"elementor-button-content-wrapper\">\n\t\t\t\t\t\t\t\t\t<span class=\"elementor-button-text\">Web Sajt<\/span>\n\t\t\t\t\t<\/span>\n\t\t\t\t\t<\/a>\n\t\t\t\t<\/div>\n\t\t\t\t\t\t\t\t<\/div>\n\t\t\t\t<\/div>\n\t\t\t\t<div class=\"elementor-element elementor-element-e716a0e elementor-align-justify elementor-mobile-align-justify elementor-widget elementor-widget-button\" data-id=\"e716a0e\" data-element_type=\"widget\" data-e-type=\"widget\" data-widget_type=\"button.default\">\n\t\t\t\t<div class=\"elementor-widget-container\">\n\t\t\t\t\t\t\t\t\t<div class=\"elementor-button-wrapper\">\n\t\t\t\t\t<a class=\"elementor-button elementor-button-link elementor-size-sm\" href=\"https:\/\/modernstudio.net\/index.php\/usluga-2\/\">\n\t\t\t\t\t\t<span class=\"elementor-button-content-wrapper\">\n\t\t\t\t\t\t\t\t\t<span class=\"elementor-button-text\">Grafi\u010dki Dizajn<\/span>\n\t\t\t\t\t<\/span>\n\t\t\t\t\t<\/a>\n\t\t\t\t<\/div>\n\t\t\t\t\t\t\t\t<\/div>\n\t\t\t\t<\/div>\n\t\t\t\t<div class=\"elementor-element elementor-element-0609d30 elementor-align-justify elementor-mobile-align-justify elementor-widget elementor-widget-button\" data-id=\"0609d30\" data-element_type=\"widget\" data-e-type=\"widget\" data-widget_type=\"button.default\">\n\t\t\t\t<div class=\"elementor-widget-container\">\n\t\t\t\t\t\t\t\t\t<div class=\"elementor-button-wrapper\">\n\t\t\t\t\t<a class=\"elementor-button elementor-button-link elementor-size-sm\" href=\"https:\/\/modernstudio.net\/index.php\/usluga-3\/\">\n\t\t\t\t\t\t<span class=\"elementor-button-content-wrapper\">\n\t\t\t\t\t\t\t\t\t<span class=\"elementor-button-text\">Marketing<\/span>\n\t\t\t\t\t<\/span>\n\t\t\t\t\t<\/a>\n\t\t\t\t<\/div>\n\t\t\t\t\t\t\t\t<\/div>\n\t\t\t\t<\/div>\n\t\t\t\t<\/div>\n\t\t\t\t\t<\/div>\n\t\t\t\t<\/div>\n\t\t\t\t\t<\/div>\n\t\t\t\t<\/div>\n\t\t\t\t<\/div>\n\t\t","protected":false},"excerpt":{"rendered":"<p>Izrada Web Sajta Stvaramo prelepe web sajtove, dizajnirane specijalnoza mobilnu upotrebu. Web stranice koje pomerajugranice. Izrada web stranica (web i grafi\u010dki dizajn) u dana\u0161nje vreme predstavlja aktivnost koja je neophodna za uspe\u0161an razvoj bilo kog biznisa. Pa, za\u0161to \u010dekati da pro\u0111u godine kako biste postali uspe\u0161ni? Da li ste znali da ukoliko imate profesionalan web [&hellip;]<\/p>\n","protected":false},"author":1,"featured_media":0,"parent":0,"menu_order":0,"comment_status":"closed","ping_status":"closed","template":"","meta":{"_joinchat":[],"footnotes":""},"class_list":["post-1546","page","type-page","status-publish","hentry"],"blocksy_meta":{"styles_descriptor":{"styles":{"desktop":"","tablet":"","mobile":""},"google_fonts":[],"version":6}},"_links":{"self":[{"href":"https:\/\/modernstudio.net\/index.php\/wp-json\/wp\/v2\/pages\/1546","targetHints":{"allow":["GET"]}}],"collection":[{"href":"https:\/\/modernstudio.net\/index.php\/wp-json\/wp\/v2\/pages"}],"about":[{"href":"https:\/\/modernstudio.net\/index.php\/wp-json\/wp\/v2\/types\/page"}],"author":[{"embeddable":true,"href":"https:\/\/modernstudio.net\/index.php\/wp-json\/wp\/v2\/users\/1"}],"replies":[{"embeddable":true,"href":"https:\/\/modernstudio.net\/index.php\/wp-json\/wp\/v2\/comments?post=1546"}],"version-history":[{"count":0,"href":"https:\/\/modernstudio.net\/index.php\/wp-json\/wp\/v2\/pages\/1546\/revisions"}],"wp:attachment":[{"href":"https:\/\/modernstudio.net\/index.php\/wp-json\/wp\/v2\/media?parent=1546"}],"curies":[{"name":"wp","href":"https:\/\/api.w.org\/{rel}","templated":true}]}}